 - 126*d. List the prime factors of d.
2, 3, 263
Suppose 0 = 4*x - 20*x + 8144. Suppose 2*q + 5*u - 1113 = 0, -q - 2*u + 48 + x = 0. What are the prime factors of q?
13, 43
Let i be (13 - 15)/(1/167). Let g = -279 - i. List the prime factors of g.
5, 11
Suppose -4*t - 5 = -9*t, 3*v - t - 1934 = 0. Let d = 178 + v. What are the prime factors of d?
823
Let a(y) = y**3 - 24*y**2 - 21*y - 51. Let s(d) = 10*d - 65. Let n be s(9). What are the prime factors of a(n)?
7
Let j(p) = 75*p - 47. Let k be j(29). Let y = k + -3363. What are the prime factors of (-2)/(-6) - y/57?
2, 11
Let d be (-2 - -2)*13/(-39). Let j = 0 + d. Suppose j = -i - 3*i + 648. List the prime factors of i.
2, 3
Suppose d - 2*d = 2*v + 4, 5*v + d = -4. Suppose 5*n + v*l + 2*l - 182 = 0, 168 = 4*n - 4*l. What are the prime factors of n?
2, 19
Suppose 3*c - 186292 = 12*h - 7*h, 0 = 4*c - 4*h - 248376. What are the prime factors of c?
29, 2141
Let q(s) = -s**3 + 3*s**2 + 2*s + 2. Let h be q(3). Suppose h*t - 2832 + 664 = 0. List the prime factors of t.
271
Suppose -2*t + 10 = o, t - 5*o = 3*t + 6. Suppose -809 = -t*i + 920. What are the prime factors of i?
13, 19
Let i(u) = 11*u + 38. Let g be i(-12). Let s = 82 + g. What are the prime factors of 28/3*21/s*-6?
2, 7
Suppose 1237 = s + 52. Suppose -4*t + s = 5*q, 4*t + 6*q - 1150 = 8*q. List the prime factors of t.
2, 5, 29
Suppose 39*u - 3*u = -20*u + 1402968. List the prime factors of u.
3, 7, 1193
Suppose -8*s = -11*s + 2*b - 4, -3*b = 3*s - 6. Suppose s = -4*q + 3*q + 346. List the prime factors of q.
2, 173
Suppose -n + 20 = 5*r, -n + 3*r - 6*r + 14 = 0. List the prime factors of (36/(-15)*n)/((-1)/3).
2, 3
Let y(c) = -98*c - 8*c - 148 + 46*c. What are the prime factors of y(-14)?
2, 173
Let c be -297 - (-1)/2*-10. Let y = -49 - c. What are the prime factors of y?
11, 23
Suppose -l = -3*j + 577, 0 = -5*j - l + 5*l + 950. Suppose 529 = 4*x + 3*g, 4*x - g - j = 323. What are the prime factors of x?
2, 5, 13
What are the prime factors of (-208)/32 + 77185/10?
2, 241
Let k = 6872 - -42925. What are the prime factors of k?
3, 11, 503
Let k(b) = 13*b - 58. Let q be k(19). Let w = 244 - q. What are the prime factors of w?
5, 11
Suppose -1360*o - 135238 = -1362*o + 4*y, o = -3*y + 67594. List the prime factors of o.
17, 41, 97
Let a = 119 - 120. Let h be (-6 - -3) + a/((-2)/240). Suppose 3*m - 156 = -3*c, 2*c - 2*m - h = -13. What are the prime factors of c?
2, 13
Suppose 3015578 = 651*n - 894328. What are the prime factors of n?
2, 3, 7, 11, 13
Let g(y) = -12*y + 214. Let l be g(18). List the prime factors of (l/6)/((27/(-9))/1449).
7, 23
Let h(m) = m**2 + 7*m + 8. Let i be h(-6). Suppose 6*s + i = 7*s. List the prime factors of 402/6*2/s.
67
Let k(l) = -71*l + 14. Let z be k(-1). Suppose z*m - 83*m = 424. What are the prime factors of m?
2, 53
Let l(r) = 6*r + 74. Let p(j) = 3*j + 41. Let c(o) = -6*l(o) + 11*p(o). Let q be -2*1 - (1 - -1). List the prime factors of c(q).
19
Let y be (-381)/4*(-136)/51. What are the prime factors of (-2 + y - -4) + 3?
7, 37
List the prime factors of 1853872/44 - ((-2450)/539 - (-3 + -1)).
2, 21067
Let p be (-2)/(-4) - ((-4)/8 - 1). Suppose p*u = 8 + 2. List the prime factors of ((-19)/4)/(u/(-40)).
2, 19
Suppose 171*p - 11030386 = 49*p. What are the prime factors of p?
23, 3931
Suppose -31*m + 18 = -37*m. List the prime factors of 813 + 25/20*(-7 - m).
2, 101
Let d = -90 + 90. Suppose -2*i - 4*b + 732 + 336 = d, 4*i - b = 2091. List the prime factors of 4/8*i - 4.
2, 3, 43
Let t(u) = 38*u. Let z be t(2). Let o = 85 - z. Suppose -o*m + 456 + 309 = 0. List the prime factors of m.
5, 17
Suppose 3*j + 9 = 5*z, 22*z = 21*z + 4*j + 12. Suppose 2*y + 5*a - 2654 = z, 0 = 30*y - 34*y - 5*a + 5298. List the prime factors of y.
2, 661
Let z be 2 + -3 + -503 + -3. Let b = -355 - z. Suppose -b - 76 = -2*k. List the prime factors of k.
2, 3, 19
Let s(z) = -z**3 - 11*z**2 - 10*z + 30. Let m be s(-10). Suppose -8*r = -10*r + m. Suppose k + r*k = 3104. List the prime factors of k.
2, 97
Let x = -403 + 406. Suppose 6995 = 4*h - x*v, 3*h + 2389 - 7651 = -3*v. What are the prime factors of h?
17, 103
Let p(m) = 363*m + 9. Let q(g) = 4*g**2 + g + 1. Let s be q(0). What are the prime factors of p(s)?
2, 3, 31
Suppose 5918 + 1524 = 2*r. Suppose 3*k + 5*x - r = 0, -4*x = k - 5*x - 1251. What are the prime factors of k?
29, 43
Let a = -280 - -1184. Suppose a = 3*l + l. Let h = l - 41. What are the prime factors of h?
5, 37
List the prime factors of (0 + -929)/(34/(-68)).
2, 929
Let a be (2/6)/(5/690). Let b = 48 - a. Suppose b*o = -3*s + 18, 12 = -0*s + 2*s - 3*o. What are the prime factors of s?
2, 3
Let x be (12 - 10) + -1 + 1. Suppose x*k - 225 - 257 = 0. What are the prime factors of k?
241
Let k(m) = 10*m**2 - 25*m + 11. Let d(g) = g**3 - 17*g**2 - 59*g - 11. Let q be d(20). What are the prime factors of k(q)?
2, 149
Let y(j) = -2*j**3 - 41*j**2 + 35*j + 50. List the prime factors of y(-24).
2, 1621
Let f be (-1 + 0)*(18 - -64). Let x = -80 - f. Suppose -3*g + x*i + 233 = 0, 9 = -5*i - 11. What are the prime factors of g?
3, 5
Let l be 6 + (2 + -6 - 0). Suppose -287 + 185 = -l*o. List the prime factors of o.
3, 17
Let y(r) = -2*r**3 + 12*r**2 - 10*r + 2. Let a be y(5). Suppose -526 - 3028 = -a*d. List the prime factors of d.
1777
Let k(b) = -1090*b**2 + b**3 + 1106*b**2 + 14 + 15*b + 18. List the prime factors of k(-14).
2, 107
Suppose 216 = -10*v + 12*v. Let h = 132 - v. Suppose -7*z + h = -340. List the prime factors of z.
2, 13
Let a be 8/6*7 + 455/(-1365). Suppose -m + 150 = -480. Suppose -3*b = -a*b + m. List the prime factors of b.
3, 5, 7
Suppose -9*t + 57 - 21 = 0. Suppose 0 = 2*o - b - 3*b - 366, 0 = -t*o + 2*b + 702. What are the prime factors of o?
173
What are the prime factors of 438318/4*48/216?
3, 8117
What are the prime factors of (-131670)/(-12) + (-6 - -4 - 15/(-6))?
10973
Let a(i) = -4*i - 3. Let g be a(-2). Suppose 7*y = -g*z + 4*y - 42, 4*y - 31 = 3*z. Let w = 53 - z. What are the prime factors of w?
2, 31
Suppose -5*d + 22 = 4*t, 4*d + 3*t + 0*t - 18 = 0. Suppose d*s + 5 = -7. What are the prime factors of -1*13/(-2) + 1/s?
2, 3
Let i = 87 - 57. Let q = 8 - 4. What are the prime factors of (312/i)/(q/10)?
2, 13
Let z(y) = -y**3 - 60*y**2 + 44*y + 385. List the prime factors of z(-62).
5, 1069
Let i(k) = 64*k**2 - 6*k - 28. Let y be i(-16). Suppose y = 28*t + 8*t. List the prime factors of t.
457
Suppose 0 = -711*q + 694*q + 244792 + 121881. What are the prime factors of q?
21569
What are the prime factors of 218 + -225 - (-24198)/(-18)*(-19 + -2)?
2, 3, 7
Suppose 0 = 5*m + 741 - 2106. Suppose -m = v - 1012. List the prime factors of v.
739
Let s be (13 + -18)*(2346/(-10) - 1). Let w = s - 822. What are the prime factors of w?
2, 89
What are the prime factors of (-110)/4*(4 - (9 - 2) - 251)?
5, 11, 127
Let d = 656 - 657. Let k(i) = -635*i**3 - i**2 - 19*i - 19. List the prime factors of k(d).
2, 317
Let v(a) = 39*a**3 - 6*a**2 + 14*a - 146. What are the prime factors of v(7)?
3, 5, 11, 79
Suppose 94*o - n + 42381 = 95*o, 0 = o - 6*n - 42346. List the prime factors of o.
2, 5297
Let k(u) = -u**3 + 53*u**2 + 160*u - 243. What are the prime factors of k(48)?
3, 71, 89
Let a = -10 + 15. Suppose a*t = -0*t + 6165. List the prime factors of t.
3, 137
Suppose -35*q + 13290 = -33*q + 2*l, -4*l = -20. List the prime factors of q.
2, 5, 83
Let j(a) = -11*a + 27*a - 5*a - 10*a - 4. Let f be j(7). Suppose -222 - f = -5*l. List the prime factors of l.
3, 5
Let z(t) = -t**3 + 36*t**2 + 2*t + 3838. List the prime factors of z(0).
2, 19, 101
What are the prime factors of ((-32671488)/(-40))/16 + (-4)/(-5)?
2, 5, 1021
Let p = -300 + 302. Suppose i = p*i - 178. List the prime factors of i.
2, 89
Suppose -2*r = -10, 254*h - 5*r = 255*h - 320. Let y be -4*(-1 + 2)/(-1). Suppose -y*o + h = o. What are the prime factors of o?
59
Suppose 3*a - 2301 = -3*z, -769 = -z + 13*a - 15*a. Suppose 1 = -k, w + 3*w = k + z. What are the prime factors of w?
191
List the prime factors of 9 + (-63)/7 + 3240.
2, 3, 5
Suppose 5*i - 351 - 899 = 0. Suppose 5*w + c - 3*c - i = 0, -3*c = w - 33. Suppose 0 = 3*y - 3*r - w, -y + 3*y = 3*r + 27. List the prime factors of y.
3, 7
Suppose 21*i - 1645 = 3563. List the prime factors of i.
2, 31
Su